h + 116 = 2*h + 3*p. What is the remainder when h is divided by z?
9
Suppose 0 = 3*a - 7*a - 64. Let l = 38 + a. Let u = -62 - -127. Calculate the remainder when u is divided by l.
21
Let s = 101 + -1277. What is the remainder when 2/(-5)*(1 + s/16) is divided by -4*(30/(-8) + 0)?
14
Suppose 4*i - 280 = -i. Suppose 23*w - 26 = -k + 26*w, -5*k = 4*w - 92. Calculate the remainder when i is divided by k.
16
Suppose -4*h + 9 + 7 = 0. Suppose -3*m = 43 - h. Let j = m - -26. Calculate the remainder when 38 is divided by j.
12
Suppose -p = -0*p - 22. Suppose 11*j = 63 + 69. What is the remainder when p is divided by j?
10
Let a be 24/(-6)*123/(-4). Suppose -3*u + 101 = -u - 3*c, 3*u + 5*c - a = 0. Let t = u + 7. Calculate the remainder when t is divided by 27.
26
Let m(d) = d**3 + 9*d**2 + 14*d + 85. Calculate the remainder when 441 is divided by m(-8).
34
Suppose 161 = 5*s + 41. Let q(c) = c**2 + 7*c - 25. Let u be q(-15). Let p = -86 + u. Calculate the remainder when s is divided by p.
6
Let l = 200 - 156. Suppose 12*v = 13*v - 24. What is the remainder when l is divided by v?
20
Let s be (-5 + -2 + 6)*-243. Suppose 2*k + 4*o = -21 + s, 5*k + o - 591 = 0. What is the remainder when k is divided by 41?
37
Suppose -o + 3*u = 6, 3*u - 6 = -9*o + 4*o. Suppose t - 125 - 14 = o. What is the remainder when t is divided by 28?
27
Let u(l) = 20*l**2 - 58*l + 8. What is the remainder when u(-6) is divided by 77?
75
Let k = 17 - -14. Suppose 0 = -j - 4*x + 6, 3*x = 5*x. Let g(n) = -n**3 + 6*n**2 + 3*n - 2. What is the remainder when k is divided by g(j)?
15
Suppose 39*u = 36*u + 39. Suppose -u - 18 = -s. What is the remainder when s is divided by 17?
14
Calculate the remainder when (-64)/(-6) + 5/60*4 is divided by 2.
1
Suppose -4*b = -i - 177, 7*b - 2*i + 186 = 11*b. Suppose 2*d - 22 = 10. Calculate the remainder when b is divided by d.
13
Let d = -5 + 27. Suppose g + 0 = 36. Suppose -s = 2*s - g. Calculate the remainder when d is divided by s.
10
Let i(q) = -q**3 + 3*q**2 + q + 4. Let a be i(3). Suppose -a*b = -b - 66. Suppose 3*g + g - 16 = 0. Calculate the remainder when b is divided by g.
3
Let h be (-9)/(-3) + (-9)/(-1). Suppose 3*p - 2*n = 61, -2*n + 1 = -7. What is the remainder when p is divided by h/20 + 81/15?
5
Let o = -855 - -1061. Calculate the remainder when o is divided by 10.
6
Suppose -10*m + 84 = 3*f - 8*m, -m - 123 = -4*f. Calculate the remainder when f is divided by 20.
10
Suppose -5*f + 4 = -3*p, -3*p - 3*f = -5*f - 2. Suppose -p*v + 5*v = 156. What is the remainder when v is divided by 27?
25
Let j = 2103 + -2057. What is the remainder when 383 is divided by j?
15
Let n = 1639 + -1572. Calculate the remainder when n is divided by 23.
21
Let u(j) = -7*j - 8. Suppose 4*k = -c - 4*c - 6, -3 = 3*c + 3*k. What is the remainder when 22 is divided by u(c)?
4
Let g(s) = -s + 10 - 3*s**2 - 7*s + 2*s**2. Suppose 2*j - 44 = 2*i, 4*i - 5 = -17. Calculate the remainder when j is divided by g(-8).
9
Let r = 1486 - 1236. What is the remainder when r is divided by 66?
52
Suppose 0*q + 6*q - 156 = 0. Calculate the remainder when 152 is divided by q.
22
Suppose -5*i = -5*k - 290, -3*k = -3*i + 8*i - 314. What is the remainder when i is divided by 4/(-10) - (-122)/5?
13
Let q(c) = 9*c - 39. Let b(j) = 2*j**3 - 2*j**2 - j. Let s be b(2). Calculate the remainder when 44 is divided by q(s).
14
What is the remainder when 163 is divided by ((-82)/16)/((-55)/440)?
40
Let b = -82 + 117. Let n(t) = -t**2 - 16*t - 16. Let y be (4 - 8)/(2/7). What is the remainder when b is divided by n(y)?
11
Suppose -4*s = 4*i - 3*i - 33, 77 = 4*i + 5*s. What is the remainder when 506 is divided by i?
12
Let u(h) = -h**3 - 6*h**2 + 6*h + 9. Let x = -373 - -219. Let z = 217 + x. Calculate the remainder when z is divided by u(-7).
15
Suppose -5*y - 117 = 103. Let c = y + 56. What is the remainder when 45 is divided by c?
9
Let b = -10 + 12. Suppose z + 42 = b*z. Let g = 52 + -30. Calculate the remainder when z is divided by g.
20
Suppose 0 = -10*a + 9*a + 36. Let z = 40 - a. What is the remainder when 19 is divided by z?
3
Suppose 16*m - 2508 = 5*m. Calculate the remainder when m is divided by 33.
30
Let a(p) = -p**2 + 9*p - 3. Let d(j) = 5*j**2 + j. Let o be d(-1). Let x = -584 - -649. What is the remainder when x is divided by a(o)?
14
Suppose 7*b + 4*x + 2 = 12*b, -3*b - 5*x + 16 = 0. Let i(q) = -2*q - q**2 + 9*q**2 + q. Calculate the remainder when i(1) is divided by b.
1
Let o(v) = v - 3. Let c be (6/(-3))/(8/(-28)). Let a = -51 - -61. What is the remainder when a is divided by o(c)?
2
Suppose 30*v + 64 = 34*v. Calculate the remainder when 190 is divided by v.
14
Let s be 4 + (-3)/3 + 1. Suppose y + s*y - 120 = 0. Suppose -15 = 7*i - 2*i, 2*m - 2*i = 34. What is the remainder when y is divided by m?
10
Let x = 54 - 56. Let k(s) = 6*s**2 + 5*s + 4. Calculate the remainder when k(x) is divided by 14.
4
Let n = -389 + 579. Calculate the remainder when n is divided by 32.
30
Suppose 184 = -15*l + 11*l. What is the remainder when 43 is divided by (3/(-6)*l)/1?
20
Suppose 135 + 30 = 3*r. What is the remainder when r is divided by 13?
3
Let q = 571 - 562. Suppose 10*f - 5*f - 140 = 0. Calculate the remainder when f is divided by q.
1
Suppose 0 = -13*j - 4 + 95. Let y(p) be the second derivative of p**5/20 + p**4/12 - p**2/2 + 4*p. Calculate the remainder when y(2) is divided by j.
4
Let u = 40 - 30. Suppose -u*g + 12*g = 98. Calculate the remainder when g is divided by 13.
10
Let h(f) = 3*f**2 + 40*f + 140. What is the remainder when 62 is divided by h(-9)?
16
What is the remainder when 26 is divided by 924/63 - 1/(-3)?
11
Suppose s - 3*s = -5*z - 315, s + 5*z - 150 = 0. Calculate the remainder when s is divided by 16.
11
Let z = 218 - 138. What is the remainder when z is divided by 33?
14
Let g(u) = -u**2 - 6*u + 14. Let l be g(-8). Let p(y) = -3*y**3 + 4*y + 3. What is the remainder when p(l) is divided by 3?
1
Let d = 42 - 24. Let i(p) = p**3 + 11*p**2 + 10*p + 10. Suppose -3*y + 4*x - 4 - 6 = 0, -5*x - 35 = y. Calculate the remainder when d is divided by i(y).
8
Suppose -35*j - 56 = -33*j. Calculate the remainder when (-628)/(-10) + j/35 is divided by 23.
16
Let y = 53 + -29. Let d(v) = v + 30. Calculate the remainder when y is divided by d(-17).
11
Suppose 3*j - 154 - 449 = 3*r, 0 = 3*j - 5*r - 595. Suppose -9*c = -4*c - j. What is the remainder when c is divided by 14?
13
Let k be 60/(-24)*8/(-10). Suppose -k*l + 12 = 4*j, -3*l - j = j - 14. Calculate the remainder when 7 is divided by l.
3
Let g = -26 - -9. Let t = g + 36. Let l(x) = x**3 + 6*x**2 + 6*x - 1. Calculate the remainder when t is divided by l(-3).
3
Suppose 4*s = -3 + 23. Suppose 0 = -5*y + m + 35 - 517, -y - 88 = 4*m. Let v = -93 - y. Calculate the remainder when s is divided by v.
2
What is the remainder when 84*(0 + -1)/(-12)*(8 + 0) is divided by 5/(10/36) + 1?
18
Suppose 30 + 6 = 3*z + 3*b, 60 = 5*z - 5*b. Suppose -18 - z = -3*a. Calculate the remainder when 29 is divided by a.
9
Let f = 13 - 9. Suppose y - 5*l = 16, f*y - 7 = -l + 2*l. Let h(o) = 25*o**3 + o**2 - o + 1. Calculate the remainder when h(y) is divided by 14.
12
Suppose -d + 26 = -2*w, -5*d - 36 = 2*w - d. Let h = 9 + w. What is the remainder when 49 is divided by -1 + 11 - (2 + h)?
10
Let l be (-54)/8*(-48)/(-18). Let f be l/(-9) - 4/(-2). Suppose f*h = -3*d + 56, -37 = 5*h + 3*d - 107. What is the remainder when h is divided by 8?
6
Let d(p) = p**3 - p + 1. Let h be d(0). Calculate the remainder when (3 - 4)/(h/(-32)) is divided by 11.
10
Let m = -31 - -7. Let t = 27 + -9. What is the remainder when 8/m + 416/6 is divided by t?
15
Let b = -107 - -183. Let u(x) = -6*x**2 - 29*x + 1. Let q be u(-5). What is the remainder when b is divided by 17 + (-3 - -1) + 5 + q?
12
Suppose -2*r = -7 - 29. Let x = 41 - r. What is the remainder when x is divided by 13?
10
Let h(n) = n**2 - 12*n + 13. Let b be h(11). Suppose -s + f - 70 = -6*s, b*s + 2*f - 20 = 0. Let c = 50 + -8. What is the remainder when c is divided by s?
12
Suppose 6*i = 2 - 2. Suppose i = 5*x - x - 264. What is the remainder when x is divided by 17?
15
Suppose 0 = 120*p - 5411 - 6949. Calculate the remainder when p is divided by 18.
13
Suppose 0 = -5*w + 2*b + 158, -b + 32 + 65 = 3*w. S